 is h(-15)?
-382
Let j(q) = q**3 - 41*q**2 + 81*q + 11. Calculate j(39).
128
Let g(p) = 953*p + 34713. What is g(-36)?
405
Let n(t) = t**3 - 866*t**2 - 12323*t - 95. What is n(-14)?
-53
Let x(z) = 25*z**2 + 256*z + 61. Give x(-10).
1
Let k(u) = 2*u**3 - 58*u**2 + 110*u + 3307. What is k(23)?
-511
Let g(c) = c**2 + 311*c + 4430. Give g(-14).
272
Let q(v) = -v**2 - 90*v - 2171. Determine q(-47).
-150
Let s(x) = -x**2 - 4581*x - 351227. Determine s(-78).
7
Let r(l) = 91*l - 5460. What is r(60)?
0
Let f(q) = 270008*q - 810030. Determine f(3).
-6
Let n(h) = -h**3 + 22*h**2 - 137*h + 10. What is n(9)?
-170
Let l(o) = o**3 - 157*o**2 - 253*o - 10307. Determine l(159).
28
Let t(d) = 2*d**2 + 454*d + 17412. Calculate t(-178).
-32
Let f(t) = -t**3 - 86*t**2 + 1193*t - 48. Determine f(12).
156
Let q(i) = -226*i**3 + 5*i**2 - 11*i - 10. Give q(-1).
232
Let j(r) = -68092*r - 68102. Give j(-1).
-10
Let l(o) = 9318*o + 139987. Calculate l(-15).
217
Let t(l) = 2336*l - 21007. What is t(9)?
17
Let y(z) = -31468*z - 157342. Determine y(-5).
-2
Let j(y) = -9900*y + 6969613. Give j(704).
13
Let f(o) = 37123*o - 853832. Give f(23).
-3
Let c(k) = 2*k**3 + 62*k**2 - 43*k - 3100. Determine c(-30).
-10
Let p(i) = -5*i - 1. What is p(-75)?
374
Let c(o) = -3171*o + 22200. What is c(7)?
3
Let d(a) = a**2 - 1748*a - 6950. Give d(-4).
58
Let i(p) = -p**2 + 73*p - 1652. Determine i(35).
-322
Let u(c) = -127*c**2 + 216*c + 651. Determine u(-3).
-1140
Let j(f) = 3*f**3 - 95*f**2 + 202*f + 124. Determine j(30).
1684
Let t(o) = 385105*o + 53529594. Calculate t(-139).
-1
Let c(f) = -2069*f - 605748. Determine c(-293).
469
Let f(o) = o**2 + 1009*o + 224423. Determine f(-678).
5
Let b(k) = -123*k**3 - 3196*k**2 + 46*k - 133. What is b(-26)?
23
Let u(b) = -3*b**3 - 448*b**2 + 307*b + 1046. Calculate u(-150).
-4
Let t(r) = 2*r**3 + 38*r**2 - 60*r - 2777. What is t(-13)?
31
Let x(z) = -244*z + 16181. Calculate x(66).
77
Let i(l) = 3*l**3 + 1845*l**2 + 1867*l + 15345. Give i(-614).
-5
Let r(j) = 260*j**2 - 121*j - 334. Calculate r(-3).
2369
Let s(g) = -g**3 - 139*g**2 + 139*g + 2420. Give s(-140).
2560
Let z(p) = -881230*p - 7931074. Give z(-9).
-4
Let y(i) = -19*i + 662. Give y(25).
187
Let h(t) = 2*t**3 + 78*t**2 + 11*t - 155. Give h(-39).
-584
Let m(u) = -u**2 + 128*u - 5221. Determine m(46).
-1449
Let i(u) = 7*u**3 + 74*u**2 + 165*u - 188. Calculate i(-4).
-112
Let v(k) = 2809*k - 22477. Give v(8).
-5
Let s(t) = 4*t**3 + 6679*t**2 - 1463*t + 345684. Calculate s(-1670).
-6
Let p(t) = -2*t**3 - 7*t**2 + 455*t + 3911. Give p(-9).
707
Let r(k) = -k**3 - 190*k**2 - 544*k - 31583. Determine r(-188).
1
Let o(r) = 47*r**2 - 1833*r + 12940. Give o(7).
2412
Let y(g) = -2*g**2 + 155*g - 872. Give y(4).
-284
Let c(n) = 16787*n - 22494592. Give c(1340).
-12
Let r(x) = -x**2 + 1473*x + 28783. Give r(-19).
435
Let i(s) = 720*s**2 + 740*s + 15. Give i(-1).
-5
Let a(i) = 334*i - 575. Determine a(2).
93
Let m(j) = -j**3 - 42*j**2 - 12194*j - 379979. Determine m(-32).
-11
Let b(i) = 291*i**3 - 47438*i**2 + 814*i + 245. Calculate b(163).
82
Let u(d) = -d**3 - 1864*d**2 - 53214*d + 49. Determine u(-29).
20
Let y(f) = 2*f**3 + 33*f**2 + 5313*f + 84753. Calculate y(-16).
1
Let m(w) = 3*w**3 + 294*w**2 + 65*w + 6392. What is m(-98)?
22
Let h(l) = 6*l**2 + 83*l - 1092. Determine h(13).
1001
Let d(q) = -300*q**2 + 243*q + 735. What is d(-3)?
-2694
Let z(i) = 7742*i - 714. Calculate z(0).
-714
Let k(p) = -6*p**2 + 1315*p - 21077. Give k(18).
649
Let w(m) = 2*m**2 + 4989*m - 411927. What is w(80)?
-7
Let q(m) = 2127*m - 59513. What is q(28)?
43
Let n(r) = 2071*r**3 - r**2 - 339*r - 338. Give n(-1).
-2071
Let p(n) = 6*n**2 + 112*n - 52. Determine p(-20).
108
Let q(n) = -47*n**2 - 159*n + 1702. What is q(-8)?
-34
Let f(z) = 10*z**2 + 2394*z - 7194. What is f(3)?
78
Let h(b) = b**3 + 3*b**2 + 2*b + 83. Give h(-7).
-127
Let j(k) = -4997*k - 1309408. Calculate j(-262).
-194
Let u(l) = 1162*l + 399728. Determine u(-344).
0
Let j(z) = 5*z**2 - 212*z - 919. Calculate j(-4).
9
Let n(s) = -61*s**3 + 14*s**2 - 37*s + 22. Calculate n(1).
-62
Let v(h) = h**2 - 1119*h + 18731. Give v(17).
-3
Let p(g) = -7817*g + 186681. Give p(24).
-927
Let k(x) = -x**3 - 45*x**2 - 156*x + 201. Determine k(-41).
-127
Let s(w) = 2*w**2 - 17443*w - 87247. Give s(-5).
18
Let n(c) = -5*c**3 - 388*c**2 + 141*c - 1195. What is n(-78)?
-25
Let u(m) = 247*m + 36189. Calculate u(-148).
-367
Let o(h) = 2705*h + 405742. Calculate o(-150).
-8
Let w(j) = 18107*j - 4744046. Calculate w(262).
-12
Let h(v) = v**3 + 46*v**2 - 3661*v - 1476. Calculate h(42).
-6
Let z(v) = -9*v**3 + 52*v**2 - 7009*v + 42128. Determine z(6).
2
Let p(f) = -f**3 + 16*f**2 + 4256*f - 72239. Calculate p(17).
-176
Let g(j) = -j**2 - 4123*j + 887239. Determine g(205).
-1
Let v(h) = -993*h - 564023. Calculate v(-568).
1
Let a(z) = z**2 + 1663*z - 23489. Determine a(14).
-11
Let u(c) = 814*c + 209192. Calculate u(-257).
-6
Let i(w) = 23*w**3 - 113*w**2 - 789*w + 3882. Give i(5).
-13
Let b(d) = 25*d**2 + 1520*d - 76. Give b(-61).
229
Let u(s) = 23*s**2 - 40*s - 625. Calculate u(-8).
1167
Let o(w) = 2*w**2 + 12*w - 1178. Calculate o(-37).
1116
Let k(t) = -733*t - 1229. Determine k(1).
-1962
Let l(c) = -c**2 - 1034*c + 91516. What is l(82)?
4
Let n(r) = -116*r**2 + 13802*r + 217. Determine n(119).
-21
Let k(r) = 14862*r + 594414. What is k(-40)?
-66
Let p(o) = -o**3 + 126*o**2 - 89*o - 2304. Determine p(125).
2196
Let a(y) = 8*y**3 - 139*y**2 + 80*y - 523. Give a(17).
-30
Let d(v) = 133*v**3 + 17*v**2 + 28*v + 11. Calculate d(-1).
-133
Let f(i) = -244*i + 44304. Calculate f(182).
-104
Let g(a) = a**3 - 43*a**2 - 246*a + 8. Give g(-5).
38
Let a(x) = 93*x**2 - 11628*x + 481. What is a(125)?
106
Let a(s) = -5443*s + 4691856. Give a(862).
-10
Let s(u) = -2*u**2 + 7292*u - 1462426. What is s(213)?
32
Let j(w) = 6*w**2 - 652*w + 8440. Give j(15).
10
Let b(h) = h**3 + 174*h**2 - 40381*h + 3363. Determine b(-306).
-3
Let t(y) = 9755*y - 78058. Give t(8).
-18
Let z(q) = 10*q**3 - 3*q**2 + 6*q + 118. Calculate z(6).
2206
Let p(i) = 32*i**3 - 8*i**2 + 100*i + 298. Give p(-3).
-938
Let s(w) = -25924*w - 51886. Determine s(-2).
-38
Let m(r) = 47*r**2 + 31*r - 78. Give m(1).
0
Let h(r) = -4*r**2 + 40591*r - 243389. Determine h(6).
13
Let r(h) = -43907*h + 790381. Give r(18).
55
Let y(s) = -538*s**2 + 3780*s - 5. Give y(7).
93
Let y(r) = 4*r**2 - 306*r + 2078. Give y(69).
8
Let u(t) = 652*t - 39773. Determine u(61).
-1
Let n(i) = -219*i + 25541. What is n(132)?
-3367
Let q(f) = -949*f + 21464. What is q(23)?
-363
Let q(v) = -v**2 + 8270*v + 2288175. What is q(-268)?
-9
Let v(s) = 36523*s + 438289. Give v(-12).
13
Let o(q) = 15*q**2 - 353*q + 1314. Determine o(18).
-180
Let c(y) = 4*y**3 - 544*y**2 + 3120*y - 15. What is c(130)?
-15
Let v(w) = -16441*w - 114967. Determine v(-7).
120
Let y(d) = 87*d**2 + 2615*d + 139. What is y(-30)?
-11
Let k(r) = r**3 - r**2 - 925*r + 11740. What is k(-35)?
15
Let b(s) = -3*s**3 + 342*s**2 - 345*s - 134. What is b(113)?
-812
Let q(p) = -1638*p + 812449. Calculate q(496).
1
Let j(w) = 19271*w**2 + 539586*w + 14. Calculate j(-28).
70
Let z(u) = -157*u - 11. What is z(-2)?
303
Let j(w) = -3*w**2 - 585*w - 11528. Give j(-173).
-110
Let o(k) = -k**3 - 67*k**2 - 719*k - 214. Calculate o(-13).
7
Let c(y) = 48*y**2 - 702*y - 637. Calculate c(15).
-367
Let g(y) = y**3 + 28*y**2 + 3*y - 3193. Give g(-20).
-53
Let f(k) = k**3 - 74*k**2 - 591*k - 670. Calculate f(-6).
-4
Let t(u) = -u**2 + 35*u + 4685. What is t(112)?
-3939
Let n(d) = d**3 - 72*d**2 - 6565*d - 53337. Calculate n(127).
3
Let d(c) = 49775*c - 347955. Determine d(7).
470
Let r(j) = -1524*j + 13719. Calculate r(9).
3
Let i(t) = -3*t**3 - 148*t**2 - 1078*t - 703. Calculate i(-8).
-15
Let d(n) = n**2 + 42*n - 650. Give d(13).
65
Let m(v) = -15765*v - 94484. Give m(-6).
106
Let u(a) = -a**3 - 302*a**2 - 6679*a - 1971. Give u(-278).
-25
Let c(n) = n**3 - 90*n**2 - 18419*n + 488. Calculate c(-98).
-2
Let b(m) = 2*m**3 + 91*m**2 - 1554*m - 6031. What is b(-58)?
1
Let v(l) = -77*l**3 - 154*l**2 + 24*l + 39. What is v(-2)?
-9
Let f(s) = 16444*s - 98659. Calculate f(6).
5
Let b(h) = h**2 + 997*h - 23765. Calculate b(23).
-305
Let a(q) = -5*q**3 - 433*q**2 - 680*q + 263. What is a(-85)?
263
Let f(i) = -1649*i - 9651. Giv